{"id":12,"date":"2015-03-19T17:25:06","date_gmt":"2015-03-19T16:25:06","guid":{"rendered":"http:\/\/www.tobias-eglseder.de\/erni\/?page_id=12"},"modified":"2023-07-07T11:04:03","modified_gmt":"2023-07-07T09:04:03","slug":"imressum","status":"publish","type":"page","link":"https:\/\/www.erni-brendtner.de\/?page_id=12","title":{"rendered":"Impressum"},"content":{"rendered":"<p>Erni Brendtner<br \/>\nRobert-Koch-Stra\u00dfe 9<br \/>\n84489 Burghausen<\/p>\n<p>Tel. 0 86 77 \/ 65790<\/p>\n<p>www.erni-brendtner.de<br \/>\ninfo@erni-brendtner.de<\/p>\n<p><strong>Inhaltlich Verantwortlicher gem\u00e4\u00df \u00a710 Absatz 3 MDStV:<\/strong><br \/>\nErni Brendtner (Anschrift wie oben)<\/p>\n<p><strong><br \/>\nUmsetzung und Programmierung:<\/strong><\/p>\n<p>\n<table id=\"tablepress-5\" class=\"tablepress tablepress-id-5\">\n<tbody>\n<tr class=\"row-1\">\n\t<td class=\"column-1\"><img loading=\"lazy\" decoding=\"async\" src=\"http:\/\/www.erni-brendtner.de\/wp-content\/uploads\/2015\/03\/logo_xs.png\" alt=\"logo_xs\" width=\"170\" height=\"70\" class=\"alignnone size-full wp-image-703\" \/><\/a><\/td><td class=\"column-2\">EDV-Service Tobias Eglseder<br \/>\n R\u00f6ntgenstra\u00dfe 25<br \/>\n 84489 Burghausen<br \/>\n<a href=\"mailto:info@tobias-eglseder.de\">info@tobias-eglseder.de<\/a><br \/>\n<a href=\"http:\/\/www.tobias-eglseder.de\" target=\"_blank\">www.tobias-eglseder.de <\/a><\/td>\n<\/tr>\n<\/tbody>\n<\/table>\n<!-- #tablepress-5 from cache --><span style=\"font-family: Arial; font-size: large;\"><br \/>\n<\/span><span class=\"style6\"><span class=\"style1\" style=\"font-family: Arial;\"><br \/>\nAlle Bilder, Fotos und Texte\u00a0dieser Seite sind urheberrechtlich gesch\u00fctzt!<br \/>\n<\/span><\/span><span class=\"style6\"><span class=\"style1\" style=\"font-family: Arial;\">\u00a9 Erni Brendtner, Burghausen<br \/>\n\u00a9 Anton Mack, Burghausen<br \/>\n\u00a9 Foto Weiland, Burghausen<br \/>\n\u00a9 Arthur Schweighofer<br \/>\n\u00a9 RFO Regionalfernsehen Oberbayern<\/span><\/span><\/p>\n<p>&nbsp;<\/p>\n<p><strong>Haftungsausschluss (Disclaimer)<\/strong><\/p>\n<p><strong>Haftung f\u00fcr Inhalte<br \/>\n<\/strong>Als Diensteanbieter sind wir gem\u00e4\u00df \u00a7 7 Abs.1 TMG f\u00fcr eigene Inhalte auf diesen Seiten nach den allgemeinen Gesetzen verantwortlich. Nach \u00a7\u00a7 8 bis 10 TMG sind wir als Diensteanbieter jedoch nicht verpflichtet, \u00fcbermittelte oder gespeicherte fremde Informationen zu \u00fcberwachen oder nach Umst\u00e4nden zu forschen, die auf eine rechtswidrige T\u00e4tigkeit hinweisen. Verpflichtungen zur Entfernung oder Sperrung der Nutzung von Informationen nach den allgemeinen Gesetzen bleiben hiervon unber\u00fchrt. Eine diesbez\u00fcgliche Haftung ist jedoch erst ab dem Zeitpunkt der Kenntnis einer konkreten Rechtsverletzung m\u00f6glich. Bei Bekanntwerden von entsprechenden Rechtsverletzungen werden wir diese Inhalte umgehend entfernen.<\/p>\n<p><strong>Haftung f\u00fcr Links<br \/>\n<\/strong>Unser Angebot enth\u00e4lt Links zu externen Webseiten Dritter, auf deren Inhalte wir keinen Einfluss haben. Deshalb k\u00f6nnen wir f\u00fcr diese fremden Inhalte auch keine Gew\u00e4hr \u00fcbernehmen. F\u00fcr die Inhalte der verlinkten Seiten ist stets der jeweilige Anbieter oder Betreiber der Seiten verantwortlich. Die verlinkten Seiten wurden zum Zeitpunkt der Verlinkung auf m\u00f6gliche Rechtsverst\u00f6\u00dfe \u00fcberpr\u00fcft. Rechtswidrige Inhalte waren zum Zeitpunkt der Verlinkung nicht erkennbar. Eine permanente inhaltliche Kontrolle der verlinkten Seiten ist jedoch ohne konkrete Anhaltspunkte einer Rechtsverletzung nicht zumutbar. Bei Bekanntwerden von Rechtsverletzungen werden wir derartige Links umgehend entfernen.<\/p>\n<p><strong>Urheberrecht<br \/>\n<\/strong>Die durch die Seitenbetreiber erstellten Inhalte und Werke auf diesen Seiten unterliegen dem deutschen Urheberrecht. Die Vervielf\u00e4ltigung, Bearbeitung, Verbreitung und jede Art der Verwertung au\u00dferhalb der Grenzen des Urheberrechtes bed\u00fcrfen der schriftlichen Zustimmung des jeweiligen Autors bzw. Erstellers. Downloads und Kopien dieser Seite sind nur f\u00fcr den privaten, nicht kommerziellen Gebrauch gestattet. Soweit die Inhalte auf dieser Seite nicht vom Betreiber erstellt wurden, werden die Urheberrechte Dritter beachtet. Insbesondere werden Inhalte Dritter als solche gekennzeichnet. Sollten Sie trotzdem auf eine Urheberrechtsverletzung aufmerksam werden, bitten wir um einen entsprechenden Hinweis. Bei Bekanntwerden von Rechtsverletzungen werden wir derartige Inhalte umgehend entfernen.<\/p>\n","protected":false},"excerpt":{"rendered":"<p>Erni Brendtner Robert-Koch-Stra\u00dfe 9 84489 Burghausen Tel. 0 86 77 \/ 65790 www.erni-brendtner.de info@erni-brendtner.de Inhaltlich Verantwortlicher gem\u00e4\u00df \u00a710 Absatz 3 MDStV: Erni Brendtner (Anschrift wie oben) Umsetzung und Programmierung: Alle Bilder, Fotos und Texte\u00a0dieser Seite sind urheberrechtlich gesch\u00fctzt! \u00a9 Erni Brendtner, Burghausen \u00a9 Anton Mack, Burghausen \u00a9 Foto Weiland, Burghausen &#8230;<\/p>\n","protected":false},"author":1,"featured_media":0,"parent":0,"menu_order":8,"comment_status":"closed","ping_status":"closed","template":"","meta":{"ngg_post_thumbnail":0,"footnotes":""},"class_list":["post-12","page","type-page","status-publish","hentry","column","twocol"],"_links":{"self":[{"href":"https:\/\/www.erni-brendtner.de\/index.php?rest_route=\/wp\/v2\/pages\/12","targetHints":{"allow":["GET"]}}],"collection":[{"href":"https:\/\/www.erni-brendtner.de\/index.php?rest_route=\/wp\/v2\/pages"}],"about":[{"href":"https:\/\/www.erni-brendtner.de\/index.php?rest_route=\/wp\/v2\/types\/page"}],"author":[{"embeddable":true,"href":"https:\/\/www.erni-brendtner.de\/index.php?rest_route=\/wp\/v2\/users\/1"}],"replies":[{"embeddable":true,"href":"https:\/\/www.erni-brendtner.de\/index.php?rest_route=%2Fwp%2Fv2%2Fcomments&post=12"}],"version-history":[{"count":8,"href":"https:\/\/www.erni-brendtner.de\/index.php?rest_route=\/wp\/v2\/pages\/12\/revisions"}],"predecessor-version":[{"id":1426,"href":"https:\/\/www.erni-brendtner.de\/index.php?rest_route=\/wp\/v2\/pages\/12\/revisions\/1426"}],"wp:attachment":[{"href":"https:\/\/www.erni-brendtner.de\/index.php?rest_route=%2Fwp%2Fv2%2Fmedia&parent=12"}],"curies":[{"name":"wp","href":"https:\/\/api.w.org\/{rel}","templated":true}]}}

<p>Erni Brendtner<br />
Robert-Koch-Straße 9<br />
84489 Burghausen</p>
<p>Tel. 0 86 77 / 65790</p>
<p>www.erni-brendtner.de<br />
info@erni-brendtner.de</p>
<p><strong>Inhaltlich Verantwortlicher gemäß §10 Absatz 3 MDStV:</strong><br />
Erni Brendtner (Anschrift wie oben)</p>
<p><strong><br />
Umsetzung und Programmierung:</strong></p>
<p>
<table id="tablepress-5" class="tablepress tablepress-id-5">
<tbody>
<tr class="row-1">
	<td class="column-1"><img loading="lazy" decoding="async" src="http://www.erni-brendtner.de/wp-content/uploads/2015/03/logo_xs.png" alt="logo_xs" width="170" height="70" class="alignnone size-full wp-image-703" /></a></td><td class="column-2">EDV-Service Tobias Eglseder<br />
 Röntgenstraße 25<br />
 84489 Burghausen<br />
<a href="mailto:info@tobias-eglseder.de">info@tobias-eglseder.de</a><br />
<a href="http://www.tobias-eglseder.de" target="_blank">www.tobias-eglseder.de </a></td>
</tr>
</tbody>
</table>
<!-- #tablepress-5 from cache --><span style="font-family: Arial; font-size: large;"><br />
</span><span class="style6"><span class="style1" style="font-family: Arial;"><br />
Alle Bilder, Fotos und Texte dieser Seite sind urheberrechtlich geschützt!<br />
</span></span><span class="style6"><span class="style1" style="font-family: Arial;">© Erni Brendtner, Burghausen<br />
© Anton Mack, Burghausen<br />
© Foto Weiland, Burghausen<br />
© Arthur Schweighofer<br />
© RFO Regionalfernsehen Oberbayern</span></span></p>
<p>&nbsp;</p>
<p><strong>Haftungsausschluss (Disclaimer)</strong></p>
<p><strong>Haftung für Inhalte<br />
</strong>Als Diensteanbieter sind wir gemäß § 7 Abs.1 TMG für eigene Inhalte auf diesen Seiten nach den allgemeinen Gesetzen verantwortlich. Nach §§ 8 bis 10 TMG sind wir als Diensteanbieter jedoch nicht verpflichtet, übermittelte oder gespeicherte fremde Informationen zu überwachen oder nach Umständen zu forschen, die auf eine rechtswidrige Tätigkeit hinweisen. Verpflichtungen zur Entfernung oder Sperrung der Nutzung von Informationen nach den allgemeinen Gesetzen bleiben hiervon unberührt. Eine diesbezügliche Haftung ist jedoch erst ab dem Zeitpunkt der Kenntnis einer konkreten Rechtsverletzung möglich. Bei Bekanntwerden von entsprechenden Rechtsverletzungen werden wir diese Inhalte umgehend entfernen.</p>
<p><strong>Haftung für Links<br />
</strong>Unser Angebot enthält Links zu externen Webseiten Dritter, auf deren Inhalte wir keinen Einfluss haben. Deshalb können wir für diese fremden Inhalte auch keine Gewähr übernehmen. Für die Inhalte der verlinkten Seiten ist stets der jeweilige Anbieter oder Betreiber der Seiten verantwortlich. Die verlinkten Seiten wurden zum Zeitpunkt der Verlinkung auf mögliche Rechtsverstöße überprüft. Rechtswidrige Inhalte waren zum Zeitpunkt der Verlinkung nicht erkennbar. Eine permanente inhaltliche Kontrolle der verlinkten Seiten ist jedoch ohne konkrete Anhaltspunkte einer Rechtsverletzung nicht zumutbar. Bei Bekanntwerden von Rechtsverletzungen werden wir derartige Links umgehend entfernen.</p>
<p><strong>Urheberrecht<br />
</strong>Die durch die Seitenbetreiber erstellten Inhalte und Werke auf diesen Seiten unterliegen dem deutschen Urheberrecht. Die Vervielfältigung, Bearbeitung, Verbreitung und jede Art der Verwertung außerhalb der Grenzen des Urheberrechtes bedürfen der schriftlichen Zustimmung des jeweiligen Autors bzw. Erstellers. Downloads und Kopien dieser Seite sind nur für den privaten, nicht kommerziellen Gebrauch gestattet. Soweit die Inhalte auf dieser Seite nicht vom Betreiber erstellt wurden, werden die Urheberrechte Dritter beachtet. Insbesondere werden Inhalte Dritter als solche gekennzeichnet. Sollten Sie trotzdem auf eine Urheberrechtsverletzung aufmerksam werden, bitten wir um einen entsprechenden Hinweis. Bei Bekanntwerden von Rechtsverletzungen werden wir derartige Inhalte umgehend entfernen.</p>

<p>Erni Brendtner Robert-Koch-Straße 9 84489 Burghausen Tel. 0 86 77 / 65790 www.erni-brendtner.de info@erni-brendtner.de Inhaltlich Verantwortlicher gemäß §10 Absatz 3 MDStV: Erni Brendtner (Anschrift wie oben) Umsetzung und Programmierung: Alle Bilder, Fotos und Texte dieser Seite sind urheberrechtlich geschützt! © Erni Brendtner, Burghausen © Anton Mack, Burghausen © Foto Weiland, Burghausen &#8230;</p>
